{"id":8,"date":"2018-03-18T04:13:09","date_gmt":"2018-03-18T04:13:09","guid":{"rendered":"https:\/\/ongcadd.org\/?page_id=8"},"modified":"2022-06-05T06:57:58","modified_gmt":"2022-06-05T06:57:58","slug":"accueil","status":"publish","type":"page","link":"https:\/\/ongcadd.org\/?page_id=8","title":{"rendered":"En Suisse"},"content":{"rendered":"<p>25.06.2022: Formation :\u00a0<span>Renforcement des capacit\u00e9s pour mieux identifier et combattre le racisme :\u00a0<\/span>Approche par la D\u00e9construction<\/p>\n<p>23 d\u00e9cembre 2019: Pr\u00e9sentation de CADD \u00e0 l&rsquo;Expo &#8211; Forum: Facette de la coop\u00e9ration.<\/p>\n<p>Du 21 au 31 mars 2019 : Semaine fribourgeoise de lutte contre le racisme. <em>Plus d&rsquo;info\u00a0<a href=\"https:\/\/ongcadd.org\/wp-admin\/admin-ajax.php?action=imgedit-preview&amp;_ajax_nonce=8872f850af&amp;postid=359&amp;rand=42797\">https:\/\/ongcadd.org\/wp-admin\/admin-ajax.php?action=imgedit-preview&amp;_ajax_nonce=8872f850af&amp;postid=359&amp;rand=42797\u00a0<\/a><\/em><\/p>\n<p>14 d\u00e9cembre 2018: Soir\u00e9e Droit de l&rsquo;Homme, L&rsquo;ONG CADD est \u00e0 l&rsquo;honneur \u00e0 cette soir\u00e9e. <a href=\"https:\/\/ongcadd.org\/wp-admin\/upload.php?item=310\"><em>Plus d&rsquo;infos<\/em><\/a><\/p>\n<p style=\"font-weight: 400;\">23 novembre 2018: Soir\u00e9e \u00ab\u00a0Familles-Enfants\u00a0\u00bb <a href=\"https:\/\/www.facebook.com\/events\/2173634612911558\/\"><em>Cliquez ici<\/em><\/a><\/p>\n<p style=\"font-weight: 400;\">17 avril 2015: Soir\u00e9e togolaise, pr\u00e9sentation d&rsquo;un projet pour la lutte contre \u00ab\u00a0la non-violence et pour la paix au Togo\u00a0\u00bb\u00a0<a href=\"pdf\/Soir%C3%A9e%20Togolaise%202015.pdf\"><i>Plus d&rsquo;infos.<\/i><\/a><i><\/i><\/p>\n<p style=\"font-weight: 400;\"><span style=\"font-weight: 400;\">09 d\u00e9cembre 2013, \u00a0Journ\u00e9e mondiale des droits de l&rsquo;homme\u00a0<\/span><\/p>\n<p style=\"font-weight: 400;\">20 novembre 2013, \u00a0Repas de soutien pour l&rsquo;association COSPED \u00a0\u00a0<i><a href=\"pdf\/Repas%20de%20soutien%20COSPED.pdf\">Cliquez ici<\/a><\/i><\/p>\n<p style=\"font-weight: 400;\">Mars 2013,\u00a0 Journ\u00e9e Internationale de lutte contre la discrimination et le racisme \u00a0\u00a0<i><a href=\"pdf\/Rapport%20final%20FVR%202013.pdf\">Cliquez ici<\/a><\/i><\/p>\n<p style=\"font-weight: 400;\">\u00a031 ao\u00fbt 2012, \u00a0Assembl\u00e9e G\u00e9n\u00e9rale constitutive de CADD\u00a0\u00a0<i>CLIQUEZ ICi<\/i><\/p>\n<p>\u00a026 avril 2013, Soir\u00e9e togolaise,\u00a0<b>53<\/b><sup><b>i\u00e8m<\/b>e<\/sup>\u00a0ind\u00e9pendance du Togo\u00a0<i>cliquez ici<\/i><\/p>\n","protected":false},"excerpt":{"rendered":"<p>25.06.2022: Formation :\u00a0Renforcement des capacit\u00e9s pour mieux identifier et combattre le racisme :\u00a0Approche par la D\u00e9construction 23 d\u00e9cembre 2019: Pr\u00e9sentation<\/p>\n","protected":false},"author":2,"featured_media":71,"parent":0,"menu_order":0,"comment_status":"closed","ping_status":"closed","template":"","meta":{"_acf_changed":false,"_joinchat":[],"footnotes":""},"class_list":["post-8","page","type-page","status-publish","has-post-thumbnail","hentry"],"acf":[],"jetpack_sharing_enabled":true,"_links":{"self":[{"href":"https:\/\/ongcadd.org\/index.php?rest_route=\/wp\/v2\/pages\/8"}],"collection":[{"href":"https:\/\/ongcadd.org\/index.php?rest_route=\/wp\/v2\/pages"}],"about":[{"href":"https:\/\/ongcadd.org\/index.php?rest_route=\/wp\/v2\/types\/page"}],"author":[{"embeddable":true,"href":"https:\/\/ongcadd.org\/index.php?rest_route=\/wp\/v2\/users\/2"}],"replies":[{"embeddable":true,"href":"https:\/\/ongcadd.org\/index.php?rest_route=%2Fwp%2Fv2%2Fcomments&post=8"}],"version-history":[{"count":18,"href":"https:\/\/ongcadd.org\/index.php?rest_route=\/wp\/v2\/pages\/8\/revisions"}],"predecessor-version":[{"id":1294,"href":"https:\/\/ongcadd.org\/index.php?rest_route=\/wp\/v2\/pages\/8\/revisions\/1294"}],"wp:featuredmedia":[{"embeddable":true,"href":"https:\/\/ongcadd.org\/index.php?rest_route=\/wp\/v2\/media\/71"}],"wp:attachment":[{"href":"https:\/\/ongcadd.org\/index.php?rest_route=%2Fwp%2Fv2%2Fmedia&parent=8"}],"curies":[{"name":"wp","href":"https:\/\/api.w.org\/{rel}","templated":true}]}}

<p>25.06.2022: Formation : <span>Renforcement des capacités pour mieux identifier et combattre le racisme : </span>Approche par la Déconstruction</p>
<p>23 décembre 2019: Présentation de CADD à l&rsquo;Expo &#8211; Forum: Facette de la coopération.</p>
<p>Du 21 au 31 mars 2019 : Semaine fribourgeoise de lutte contre le racisme. <em>Plus d&rsquo;info <a href="https://ongcadd.org/wp-admin/admin-ajax.php?action=imgedit-preview&amp;_ajax_nonce=8872f850af&amp;postid=359&amp;rand=42797">https://ongcadd.org/wp-admin/admin-ajax.php?action=imgedit-preview&amp;_ajax_nonce=8872f850af&amp;postid=359&amp;rand=42797 </a></em></p>
<p>14 décembre 2018: Soirée Droit de l&rsquo;Homme, L&rsquo;ONG CADD est à l&rsquo;honneur à cette soirée. <a href="https://ongcadd.org/wp-admin/upload.php?item=310"><em>Plus d&rsquo;infos</em></a></p>
<p style="font-weight: 400;">23 novembre 2018: Soirée « Familles-Enfants » <a href="https://www.facebook.com/events/2173634612911558/"><em>Cliquez ici</em></a></p>
<p style="font-weight: 400;">17 avril 2015: Soirée togolaise, présentation d&rsquo;un projet pour la lutte contre « la non-violence et pour la paix au Togo » <a href="pdf/Soir%C3%A9e%20Togolaise%202015.pdf"><i>Plus d&rsquo;infos.</i></a><i></i></p>
<p style="font-weight: 400;"><span style="font-weight: 400;">09 décembre 2013,  Journée mondiale des droits de l&rsquo;homme </span></p>
<p style="font-weight: 400;">20 novembre 2013,  Repas de soutien pour l&rsquo;association COSPED   <i><a href="pdf/Repas%20de%20soutien%20COSPED.pdf">Cliquez ici</a></i></p>
<p style="font-weight: 400;">Mars 2013,  Journée Internationale de lutte contre la discrimination et le racisme   <i><a href="pdf/Rapport%20final%20FVR%202013.pdf">Cliquez ici</a></i></p>
<p style="font-weight: 400;"> 31 août 2012,  Assemblée Générale constitutive de CADD  <i>CLIQUEZ ICi</i></p>
<p> 26 avril 2013, Soirée togolaise, <b>53</b><sup><b>ièm</b>e</sup> indépendance du Togo <i>cliquez ici</i></p>

<p>25.06.2022: Formation : Renforcement des capacités pour mieux identifier et combattre le racisme : Approche par la Déconstruction 23 décembre 2019: Présentation</p>
